housands digit of 12406?
1
What is the tens digit of 4115?
1
What is the units digit of 23253?
3
What is the tens digit of 2832?
3
What is the units digit of 4645?
5
What is the tens digit of 7325?
2
What is the units digit of 6110?
0
What is the hundreds digit of 4897?
8
What is the thousands digit of 2052?
2
What is the hundreds digit of 1662?
6
What is the tens digit of 2917?
1
What is the tens digit of 6826?
2
What is the hundreds digit of 9950?
9
What is the units digit of 13984?
4
What is the units digit of 3738?
8
What is the thousands digit of 1455?
1
What is the thousands digit of 8818?
8
What is the units digit of 3836?
6
What is the thousands digit of 1139?
1
What is the tens digit of 15154?
5
What is the tens digit of 37856?
5
What is the tens digit of 81138?
3
What is the thousands digit of 1952?
1
What is the thousands digit of 3724?
3
What is the tens digit of 6831?
3
What is the tens digit of 935?
3
What is the units digit of 438?
8
What is the hundreds digit of 1573?
5
What is the hundreds digit of 3698?
6
What is the hundreds digit of 2887?
8
What is the units digit of 23735?
5
What is the tens digit of 7704?
0
What is the hundreds digit of 98692?
6
What is the units digit of 695?
5
What is the tens digit of 1282?
8
What is the units digit of 44526?
6
What is the ten thousands digit of 71734?
7
What is the thousands digit of 4097?
4
What is the hundreds digit of 798?
7
What is the ten thousands digit of 18504?
1
What is the hundreds digit of 1542?
5
What is the hundreds digit of 514?
5
What is the hundreds digit of 3837?
8
What is the units digit of 2642?
2
What is the hundreds digit of 32494?
4
What is the hundreds digit of 162?
1
What is the thousands digit of 4940?
4
What is the tens digit of 10466?
6
What is the tens digit of 4359?
5
What is the hundreds digit of 1081?
0
What is the hundreds digit of 3836?
8
What is the thousands digit of 64879?
4
What is the units digit of 6480?
0
What is the hundreds digit of 6823?
8
What is the hundreds digit of 15325?
3
What is the hundreds digit of 33537?
5
What is the thousands digit of 30559?
0
What is the units digit of 33276?
6
What is the thousands digit of 1233?
1
What is the ten thousands digit of 42821?
4
What is the tens digit of 7699?
9
What is the units digit of 4699?
9
What is the hundreds digit of 361?
3
What is the units digit of 5002?
2
What is the hundreds digit of 347?
3
What is the hundreds digit of 2607?
6
What is the thousands digit of 5005?
5
What is the units digit of 31?
1
What is the tens digit of 1588?
8
What is the units digit of 382?
2
What is the hundreds digit of 80504?
5
What is the tens digit of 4285?
8
What is the units digit of 678?
8
What is the thousands digit of 5302?
5
What is the tens digit of 23067?
6
What is the units digit of 78093?
3
What is the units digit of 1057?
7
What is the thousands digit of 2776?
2
What is the hundreds digit of 673?
6
What is the hundreds digit of 480?
4
What is the hundreds digit of 882?
8
What is the thousands digit of 2441?
2
What is the tens digit of 8918?
1
What is the tens digit of 51636?
3
What is the hundreds digit of 6538?
5
What is the units digit of 224?
4
What is the thousands digit of 1845?
1
What is the thousands digit of 15982?
5
What is the units digit of 49476?
6
What is the tens digit of 971?
7
What is the tens digit of 19801?
0
What is the units digit of 21?
1
What is the hundreds digit of 30948?
9
What is the tens digit of 2980?
8
What is the hundreds digit of 268?
2
What is the tens digit of 110166?
6
What is the units digit of 150515?
5
What is the units digit of 266?
6
What is the units digit of 166096?
6
What is the thousands digit of 5888?
5
What is the hundreds digit of 648?
6
What is the units digit of 793?
3
What is the hundreds digit of 1089?
0
What is the tens digit of 71840?
4
What is the hundreds digit of 834?
8
What is the thousands digit of 5988?
5
What is the hundreds digit of 32700?
7
What is the tens digit of 612?
1
What is the units digit of 17552?
2
What is the thousands digit of 5507?
5
What is the thousands digit of 2434?
2
What is the units digit of 124?
4
What is the thousands digit of 4203?
4
What is the units digit of 9990?
0
What is the hundreds digit of 4163?
1
What is the hundreds digit of 627?
6
What is the tens digit of 19?
1
What is the tens digit of 940?
4
What is the hundreds digit of 6351?
3
What is the tens digit of 62910?
1
What is the hundreds digit of 3747?
7
What is the tens digit of 176?
7
What is the units digit of 53039?
9
What is the units digit of 7885?
5
What is the hundreds digit of 241?
2
What is the ten thousands digit of 115789?
1
What is the hundreds digit of 25294?
2
What is the ten thousands digit of 57552?
5
What is the hundreds digit of 1779?
7
What is the hundreds digit of 16340?
3
What is the tens digit of 6118?
1
What is the tens digit of 126210?
1
What is the units digit of 69353?
3
What is the units digit of 4960?
0
What is the thousands digit of 1751?
1
What is the tens digit of 573?
7
What is the hundreds digit of 641?
6
What is the hundreds digit of 108?
1
What is the tens digit of 976?
7
What is the thousands digit of 1487?
1
What is the units digit of 2476?
6
What is the ten thousands digit of 15179?
1
What is the units digit of 228?
8
What is the ten thousands digit of 40676?
4
What is the thousands digit of 8985?
8
What is the thousands digit of 1142?
1
What is the units digit of 12189?
9
What is the thousands digit of 1709?
1
What is the units digit of 1850?
0
What is the units digit of 338?
8
What is the tens digit of 5131?
3
What is the hundreds digit of 94874?
8
What is the tens digit of 621?
2
What is the tens digit of 32758?
5
What is the units digit of 1440?
0
What is the tens digit of 716?
1
What is the units digit of 2758?
8
What is the units digit of 44444?
4
What is the units digit of 30854?
4
What is the hundreds digit of 4288?
2
What is the hundreds digit of 739?
7
What is the thousands digit of 7919?
7
What is the ten thousands digit of 59527?
5
What is the tens digit of 7673?
7
What is the units digit of 58223?
3
What is the units digit of 704?
4
What is the units digit of 203?
3
What is the thousands digit of 4899?
4
What is the thousands digit of 1191?
1
What is the units digit of 30704?
4
What is the tens digit of 1397?
9
What is the thousands digit of 113465?
3
What is the thousands digit of 3738?
3
What is the units digit of 1529?
9
What is the thousands digit of 4987?
4
What is the tens digit of 2244?
4
What is the units digit of 15417?
7
What is the thousands digit of 57783?
7
What is the units digit of 7413?
3
What is the thousands digit of 1343?
1
What is the hundreds digit of 1324?
3
What is the thousands digit of 15276?
5
What is the units digit of 364?
4
What is the units digit of 704?
4
What is the units digit of 200?
0
What is the units digit of 56507?
7
What is the units digit of 683?
3
What is the units digit of 683?
3
What is the units digit of 37284?
4
What is the hundreds digit of 75498?
4
What is the units digit of 5740?
0
What is the units digit of 25138?
8
What is the tens digit of 1214?
1
What is the thousands digit of 5256?
5
What is the tens digit of 1898?
9
What is the hundreds digit of 5059?
0
What is the units digit of 893?
3
What is the hundreds digit of 119?
1
What is the hundreds digit of 656?
6
What is the hundreds digit of 7734?
7
What is the tens digit of 5276?
7
What is the tens digit of 22?
2
What is the units digit of 573?
3
What is the units digit of 789?
9
What is the tens digit of 4049?
4
What is the units digit of 3300?
0
What is the units digit of 3539?
9
What is the thousands digit of 6525?
6
What is the units digit of 5981?
1
What is the thousands digit of 87386?
7
What is the units digit of 1002?
2
What is the units digit of 16452?
2
What is the hundreds digit of 7316?
3
What is the hundred thousands digit of 100324?
1
What is the tens digit of 23010?
1
What is the tens digit of 17180?
8
What is the hundreds digit of 5977?
9
What is the hundreds digit of 86093?
0
What is the thousands digit of 1054?
1
What is the ten thousands digit of 15874?
1
What is the units digit of 26758?
8
What is the hundreds digit of 52776?
7
What is the units digit of 3154?
4
What is the hundr